t i(p) = p**2 - 19*p + 30. Let w be i(17). Let a(n) = -2*n**2 - 6*n - 2. Determine a(w).
-10
Let i(l) = 5*l. Let c be 1/1*(-2 - 1). Let b be 2 + (c + 0 - -1). Let j be (-2 + 1)/(b - -1). Determine i(j).
-5
Let a(l) = 2*l**3 - 2*l**2 + l - 2. Suppose 0 = f - 4 - 0. Let x be (2/(-1))/(1/1). Let h = f + x. Give a(h).
8
Let f = 3 + 5. Let g be (144/(-30) - -4)/((-4)/10). Suppose -34 = -3*y - 4*b, g = 5*y - 5*b - f. Let n(t) = t**2 - 6*t + 7. Calculate n(y).
7
Let c = 19 - 12. Let h(v) = 5 + c + 0 + v - 14. Determine h(6).
4
Let v(s) = -s + 3. Let t be v(6). Let k(j) = -4*j + 7*j + 1 - 2*j. Determine k(t).
-2
Let v(f) be the third derivative of 1/24*f**4 + 0 - 2*f**2 + 1/60*f**5 + 0*f - 5/6*f**3. Give v(0).
-5
Let n(a) be the third derivative of 1/3*a**3 - 1/24*a**4 + 0 - a**2 + 0*a. Let t(i) = i**2 + i - 3. Let d be t(-3). Give n(d).
-1
Let g(a) = a**3 - a**2 - a - 2. Let t be (14/49)/((-2)/(-14)). Calculate g(t).
0
Suppose -5*y + y = -8. Let t(x) = 2 + y*x + 1 - 3 - x**2. Suppose 10 - 16 = -3*q. What is t(q)?
0
Suppose -5*k - 3*c = 39, 2*c - 9 = 3*k - c. Let y(h) = -h - 6. Calculate y(k).
0
Let o(z) = z**2 - 5*z - 9. Let p(w) = -w + 3. Let u be p(3). Suppose u = -3*q + q + 14. Give o(q).
5
Let z(j) = -6*j - 1. Let r(m) = m**3 - 5*m**2 - 7*m + 7. Let l be r(6). Give z(l).
-7
Let b(i) be the first derivative of i**2 + 6*i + 25. Determine b(-6).
-6
Let h(v) = 14*v**3 - 9*v**2 - 15*v + 9. Let j(l) = -5*l**3 + 3*l**2 + 5*l - 3. Let s(d) = 4*h(d) + 11*j(d). What is s(4)?
-1
Let y(l) be the third derivative of 1/60*l**5 + 2*l**2 - 1/24*l**4 + 0*l - 4/3*l**3 + 0 - 1/120*l**6. Determine y(0).
-8
Let r(b) be the third derivative of b**6/120 + b**5/10 + b**4/6 - 2*b**3/3 - 14*b**2. Suppose 0 = 2*k - 4*v - 10, -v - v - 25 = 3*k. Calculate r(k).
1
Let n(i) = i**3 - 6*i**2 + 2*i + 7. Let v(p) = 3*p - 3. Let u be v(2). Suppose -u*o - 2*t = -7*o + 28, -t - 19 = -3*o. Calculate n(o).
-8
Let s(j) = 19*j + 5. Let l(y) = 9*y + 2. Let f(x) = 13*l(x) - 6*s(x). Determine f(4).
8
Let n be 10/16 + 36/96. Let k(w) = 3*w - 3 - 9*w - n + 3. Determine k(1).
-7
Let x(m) = 3 + 4*m - 10 - 5*m - m. Calculate x(-8).
9
Let b be -22*(-3)/((-3)/1). Let l = 20 + b. Let f(q) = -q**3 - q + 1. Determine f(l).
11
Let i(q) = q**2 - 2. Let d be (2/(-3))/(4/(-18)). Suppose d = 3*k - 3. Suppose 4*v - 3*a = -9, 5*v = -k*a - 3*a + 15. Determine i(v).
-2
Let i = -4 + 8. Let y(n) = -3*n + 6. Give y(i).
-6
Suppose -2*i - 5*f = -0*i - 8, 2*i = 4*f + 8. Let n(g) = -g**3 + 3*g**2 + 3*g + 5. What is n(i)?
1
Let c(y) = 13*y - 2*y**2 - 2 + 0 - 15*y + 0. Calculate c(-2).
-6
Let f(z) = -12*z - 2. Let t = 23 + -21. Determine f(t).
-26
Let m(n) = -n**2 - 4*n + 3. Let a = -39 + 28. Let s = a + 15. Suppose 0*p - s*p = -8. Calculate m(p).
-9
Let u(h) be the first derivative of h**6/360 + h**5/24 + h**4/12 - h**3/3 - 3. Let y(p) be the third derivative of u(p). What is y(-3)?
-4
Let r(h) be the first derivative of -h**3/3 + 2*h**2 - 1. Let g = 1 + 2. Calculate r(g).
3
Let w(c) = -c**2 - 7*c + 3 + c + 2. Let n(y) = y**2 + 2*y - 5. Let v be n(-4). Let l(m) = -2*m**2 + 4*m. Let k be l(v). Give w(k).
5
Let c(p) = p**3 + 5*p**2 - 2*p - 7. Let v = -16 - -10. Let q(s) = -s**2 - 5*s - 1. Let a be q(-4). Let n be a/(-1) - v - 8. Determine c(n).
3
Let m(u) = u**3 - 3*u**2 + u + 2. Let b be m(3). Let c(o) = o**2 - 6*o + 7. Determine c(b).
2
Let s(u) be the third derivative of u**5/60 + u**4/12 + 2*u**3/3 - 7*u**2. Determine s(-3).
7
Let j(s) = s**2 + 4*s + 5. Suppose 2*z + 3*z = t + 11, -4*t = -3*z + 10. Suppose -46 = 4*d + n, -z*d - 2*n - 20 = -0*n. Let m = d + 8. Calculate j(m).
5
Suppose -2*h = -0*h + 12. Let x(n) = -n**2 - 8*n + 3. Give x(h).
15
Suppose 2*n - 18 = 3*m - 3*n, m - 2*n + 7 = 0. Let d(w) = 3*w - 1 + w - 6*w + 0. Calculate d(m).
1
Let a(f) = 10*f. Suppose -22*c - 1 = -21*c. Determine a(c).
-10
Let f(p) be the second derivative of -p**5/20 - p**4/3 + p**3/3 + 5*p**2/2 + 2*p. Let h = -2 + -5. Let u = -11 - h. What is f(u)?
-3
Suppose -3*k + 32 = -5*x, -3*k - 2*x = -x - 8. Let b(t) = 2*t - 3. Give b(k).
5
Let n(c) = c**3 - 4*c**2 + 4*c + 1. Suppose r + 32 = 2*o - 3*r, 2*o - 34 = 5*r. Suppose 0 = 5*d - d - o. Calculate n(d).
4
Let b be (-13)/5 + (-2)/5. Let g be ((-12)/b)/(1 + 0). Suppose -g*w + 13 = 5. Let l(m) = -m**3 + 3*m - 2. Determine l(w).
-4
Let q(i) = -i - 8. Suppose -4*b + 19 + 21 = 0. Suppose 3*y + t = 3*t + b, -5*y = 5*t + 25. Determine q(y).
-8
Let f(l) = -2*l**2 - l - 2. Let k(u) = -u**2 + 3. Let h(c) = 2. Let p(m) = 5*h(m) - 3*k(m). Let w(o) = 2*f(o) + 3*p(o). Calculate w(-1).
6
Let c = 14 - 13. Let z(j) be the third derivative of j**6/15 - j**5/60 - j**4/24 + j**3/6 + j**2. Calculate z(c).
7
Let v(x) be the third derivative of -x**6/120 + x**5/60 - 5*x**3/6 + 3*x**2. Suppose -5*w = -2*w. What is v(w)?
-5
Let k = -2 - -5. Suppose -3*r + 15 = -0. Let g(x) = r - 9 + 5 - x**2. Give g(k).
-8
Let u(c) be the second derivative of -2*c**5/5 + c**3/6 - c. Suppose -4*n + n = -i + 1, -5*n + 4*i = 11. Give u(n).
-7
Let d(c) = c**2 - 4*c - 3. Let b = -33 - -37. Give d(b).
-3
Suppose -9 = 4*j - 3*j + 4*a, 5*a = -15. Suppose j*q = -q. Let b(p) = p**3 + p**2 - 9. Give b(q).
-9
Let q(d) = -2*d**3 + 8*d**2 - 5*d + 10. Let o(c) = -c**3 + 4*c**2 - 2*c + 5. Let f(z) = -5*o(z) + 2*q(z). Let i = 3 - -1. What is f(i)?
-5
Suppose 2*k - 6*k = 4. Let y(q) be the third derivative of 0 - q**2 - 1/6*q**3 - 1/8*q**4 + 0*q. Give y(k).
2
Let p(z) = -3*z**2 + 46*z - 27*z - z**3 - 17*z - 4. Suppose 7*b = 3*b - 16. Determine p(b).
4
Let w = 2 + -3. Let a = 3 - w. Let m(f) be the third derivative of f**4/12 - f**3 - 4*f**2. Give m(a).
2
Let b(q) = -q - 1 + 2 - 2. What is b(4)?
-5
Let g(m) = m**2 + 8*m + 5. Suppose -3*d - 3*q = -3, d - 3*d + 4*q + 26 = 0. Suppose 3*w = d - 23. What is g(w)?
-7
Let c(o) = o**2 - o - 1. Let n(z) = z**2 - 5*z + 3. Let f be n(5). Determine c(f).
5
Let j(n) = 2*n**3 - 3*n**2 + 2. Suppose 3*t + 3 = 5*b, -5*t - 5 = -0*b - 3*b. Let q = -1 - -7. Let s be (t - 1)*(q + -7). Give j(s).
6
Suppose w - 8 = -4*x, -4*w + 4*x - 3 = 5. Suppose w = -2*j + 4 + 2. Let h(k) = k**3 - 4*k**2 + 2*k - 3. Calculate h(j).
-6
Let q(f) = f**3 - f**2 + 4 + 7*f - 4*f**2 - 9. Let h = 3 - 3. Let u = h - -4. What is q(u)?
7
Let s(u) = u - 1. Suppose -15 = -7*j + 2*j. Let i(w) = -w**3 - 4*w**2 - 3*w + 4. Let c be i(-3). Let q = c - j. What is s(q)?
0
Let v(s) be the second derivative of -s**2 + 1/12*s**4 + 5/6*s**3 + 0 - 6*s. Calculate v(-4).
-6
Let s(w) = w**3 + 3*w**2 - 3*w - 3. Let c(d) = 2*d + 6. Let u be c(-5). Determine s(u).
-7
Let i(l) = 6*l + 1. Let p = 44 + -46. Give i(p).
-11
Let z(g) = 5*g**3 + 6*g**2 + 4*g + 6. Let j(d) = 4*d**3 + 5*d**2 + 3*d + 5. Let x(l) = 4*j(l) - 3*z(l). Let b be ((-32)/(-48))/((-2)/6). Give x(b).
2
Let m be 40/6*(-6)/(-5). Suppose -2*p + m - 4 = 0. Let k(f) = -2 - 3*f + 6*f - 2 + f**p. What is k(-3)?
-4
Let x = 21 + -18. Let h(k) = -k**3 + k**2 - k + 4. Determine h(x).
-17
Let i(l) be the second derivative of l - 1/6*l**3 + 7/2*l**2 + 0. Determine i(6).
1
Suppose 5*v = w + 22, 0*v - 5*w = -v + 14. Let b(a) = v - 5*a + a - 1 + 3*a. Calculate b(5).
-2
Suppose 0*g - 5*m = 5*g, -3*g - 2*m = 0. Let z(l) = -l**2 + l + 14. Calculate z(g).
14
Let r(f) = -f**2 + 3*f - 10. Let y(a) = -a - 1. Let l(s) = -r(s) + 3*y(s). What is l(7)?
14
Let z(a) = a**3 - 3*a**2 + a - 1. Let b(f) = 3*f - 2. Let c be b(2). Suppose -5*q = -c*m - 14, -2*q + 5*m + 15 = 3*q. Calculate z(q).
-3
Let f(g) = -g**2 - 9*g - 6. Suppose -12*s = -9*s + 27. What is f(s)?
-6
Let l(t) = t**2 - 11*t + 13. Let k be l(10). Let w(n) = n**2. Give w(k).
9
Let u(q) = -2*q - 2. Let p(m) = -4*m - 20. Let k be p(-6). What is u(k)?
-10
Let y(k) = 2*k**2 - 3*k**2 - 1 - 1 + 3 - 6*k. Determine y(-6).
1
Let c(a) = 2*a + 1. Let l(t) = 2*t + 12. Let x be l(-7). Determine c(x).
-3
Let j be (-10)/(-25) - (-8)/5. Let y(n) = 3*n + 2. Give y(j).
8
Let i(m) be the third derivative of -m**5/60 - m**4/3 - 3*m**3/2 - 18*m**2. Calculate i(-6).
3
Let l(c) = c**2 + 14*c + 5. Let z be l(-13). Let m(t) = t**2 + 10*t + 12. What is m(z)?
-4
Let f(d) = d + 7. Let q be f(-5). Let x(h) = -3*h + 0*h - 3*h. Calculate x(q).
-12
Suppose 2*j = -2*h - 4 + 12, -11 = -2*h - 5*j. Let u(a) = -a + 5. Give u(h).
2
Let g(t) = t**2 + 6*t + 1. Suppose -2*p + 0*p = 0. Suppose 2*o - 2*d + 3*